{"id":14,"date":"2009-01-14T23:26:17","date_gmt":"2009-01-14T22:26:17","guid":{"rendered":"http:\/\/www.c3000.net\/?page_id=14"},"modified":"2018-03-05T09:21:17","modified_gmt":"2018-03-05T08:21:17","slug":"c3000-im-uberblick","status":"publish","type":"page","link":"https:\/\/c3000.net\/?page_id=14","title":{"rendered":"Sinn und Zweck"},"content":{"rendered":"<p><strong>Warum ?<\/strong><\/p>\n<p>Die Frage ist eigentlich schnell beantwortet. Ich besch\u00e4ftige mich mit C3000, seit es den Namen tr\u00e4gt und die ersten Zeilen Code geschrieben wurden. Als ehemaliger Mitarbeiter der COM:ON (urspr\u00fcngliches Entwicklungshaus von C3 und C3000) habe ich die Entwicklung des Systems hautnah miterlebt und bin von den M\u00f6glichkeiten und der Funktionsweise zu 100% \u00fcberzeugt. Nicht etwa, weil ich \u00fcber die Jahre eine zunehmende Betriebs- oder eher Produktblindheit erlangt habe, sondern weil ich den Markt und den Mitbewerb sehr gut kenne und mich seit 1997 t\u00e4glich mit dem Thema auseinandersetze.<\/p>\n<p><strong>F\u00fcr wen soll dieses Forum gut sein\u00a0 ?<\/strong><\/p>\n<p>Diese Seite verfolgt 2 Kerngedanken.<\/p>\n<p>Zum einen m\u00f6chte ich Ihnen das Produkt C3000 und alle damit verbundenen M\u00f6glichkeiten, Integrationen, Leistungsmerkmale und Optionen n\u00e4herbringen und Ihnen zudem ein breites Spektrum an Workarounds, Tipps und Ideen zur Verf\u00fcgung stellen, die aus der t\u00e4glichen Praxis entstanden sind. Ganz einfach so.\u00a0 Aus Spass an der Arbeit und am Produkt.<\/p>\n<p>Der andere Aspekt ist es nat\u00fcrlich, Ihnen unser Know How in allen Bereichen rund um C3000, sei es die <strong>Konzeption und <\/strong><strong>Lieferung von neuen Systmen, der Service und Support f\u00fcr bestehende Systeme, Neu- und Umkonfigurationen, Updates, Erweiterungen<\/strong> anzubieten und ich w\u00fcrde mich sehr freuen, wenn Sie das <a href=\"https:\/\/c3000.net\/?page_id=484\" target=\"_self\">Kontaktformular<\/a> gerne und h\u00e4ufig nutzen.<\/p>\n<p>Herzlicher Gruss,<\/p>\n<p>Ihr Peter Lamaack\u00a0\u00a0 <a href=\"https:\/\/www.xing.com\/profile\/Peter_Lamaack\" target=\"_blank\" rel=\"noopener\"><img loading=\"lazy\" decoding=\"async\" class=\"alignnone size-full wp-image-13729\" src=\"https:\/\/c3000.net\/wp-content\/uploads\/2018\/03\/93754_logo_512x512-e1520237862457.png\" alt=\"\" width=\"35\" height=\"35\" \/><\/a><\/p>\n<p>&nbsp;<\/p>\n<p><img loading=\"lazy\" decoding=\"async\" class=\"alignnone wp-image-13600\" src=\"https:\/\/c3000.net\/wp-content\/uploads\/2009\/01\/DSC7838-001-400x600.jpg\" alt=\"PLA\" width=\"182\" height=\"273\" srcset=\"https:\/\/c3000.net\/wp-content\/uploads\/2009\/01\/DSC7838-001-400x600.jpg 400w, https:\/\/c3000.net\/wp-content\/uploads\/2009\/01\/DSC7838-001-768x1152.jpg 768w, https:\/\/c3000.net\/wp-content\/uploads\/2009\/01\/DSC7838-001-683x1024.jpg 683w, https:\/\/c3000.net\/wp-content\/uploads\/2009\/01\/DSC7838-001.jpg 1888w\" sizes=\"auto, (max-width: 182px) 100vw, 182px\" \/><\/p>\n<p style=\"text-align: center;\">\n","protected":false},"excerpt":{"rendered":"<p>Warum ? Die Frage ist eigentlich schnell beantwortet. Ich besch\u00e4ftige mich mit C3000, seit es den Namen tr\u00e4gt und die ersten Zeilen Code geschrieben wurden. Als ehemaliger Mitarbeiter der COM:ON (urspr\u00fcngliches Entwicklungshaus von C3 und C3000) habe ich die Entwicklung des Systems hautnah miterlebt und bin von den M\u00f6glichkeiten und der Funktionsweise zu 100% \u00fcberzeugt. [&hellip;]<\/p>\n","protected":false},"author":1,"featured_media":0,"parent":0,"menu_order":1,"comment_status":"closed","ping_status":"closed","template":"","meta":{"footnotes":""},"class_list":["post-14","page","type-page","status-publish","hentry"],"_links":{"self":[{"href":"https:\/\/c3000.net\/index.php?rest_route=\/wp\/v2\/pages\/14","targetHints":{"allow":["GET"]}}],"collection":[{"href":"https:\/\/c3000.net\/index.php?rest_route=\/wp\/v2\/pages"}],"about":[{"href":"https:\/\/c3000.net\/index.php?rest_route=\/wp\/v2\/types\/page"}],"author":[{"embeddable":true,"href":"https:\/\/c3000.net\/index.php?rest_route=\/wp\/v2\/users\/1"}],"replies":[{"embeddable":true,"href":"https:\/\/c3000.net\/index.php?rest_route=%2Fwp%2Fv2%2Fcomments&post=14"}],"version-history":[{"count":26,"href":"https:\/\/c3000.net\/index.php?rest_route=\/wp\/v2\/pages\/14\/revisions"}],"predecessor-version":[{"id":13731,"href":"https:\/\/c3000.net\/index.php?rest_route=\/wp\/v2\/pages\/14\/revisions\/13731"}],"wp:attachment":[{"href":"https:\/\/c3000.net\/index.php?rest_route=%2Fwp%2Fv2%2Fmedia&parent=14"}],"curies":[{"name":"wp","href":"https:\/\/api.w.org\/{rel}","templated":true}]}}